
Calculate the remainder when 2511198 is divided by 1077.
711
What is the remainder when 7723255 is divided by 1224?
1039
Calculate the remainder when 2817967 is divided by 469629.
193
Calculate the remainder when 23069858 is divided by 55.
53
Calculate the remainder when 163898 is divided by 40951.
94
Calculate the remainder when 112064 is divided by 1494.
14
What is the remainder when 1390250 is divided by 3358?
38
What is the remainder when 76914650 is divided by 622?
618
Calculate the remainder when 20128 is divided by 1175.
153
Calculate the remainder when 1416479 is divided by 21.
8
Calculate the remainder when 1195 is divided by 249.
199
Calculate the remainder when 9789168 is divided by 38090.
38
What is the remainder when 20598646 is divided by 114?
100
Calculate the remainder when 846196 is divided by 423092.
12
Calculate the remainder when 289023 is divided by 288615.
408
Calculate the remainder when 5906244 is divided by 450.
444
What is the remainder when 105001 is divided by 24968?
5129
Calculate the remainder when 2042419 is divided by 48629.
1
Calculate the remainder when 2389338 is divided by 422.
396
Calculate the remainder when 146908 is divided by 500.
408
Calculate the remainder when 64591822 is divided by 528.
526
Calculate the remainder when 598402892 is divided by 8.
4
What is the remainder when 8586268 is divided by 215?
28
Calculate the remainder when 48953430 is divided by 1112577.
42
What is the remainder when 173184 is divided by 19229?
123
What is the remainder when 583835 is divided by 8?
3
Calculate the remainder when 7741 is divided by 2586.
2569
Calculate the remainder when 19228254 is divided by 414.
24
What is the remainder when 6914139 is divided by 1732?
1727
Calculate the remainder when 471199 is divided by 78450.
499
What is the remainder when 165561 is divided by 165551?
10
What is the remainder when 5717190 is divided by 301?
297
Calculate the remainder when 537294 is divided by 537284.
10
What is the remainder when 3126328 is divided by 3126185?
143
What is the remainder when 26269 is divided by 3752?
5
Calculate the remainder when 20610759 is divided by 1034.
37
What is the remainder when 1637053 is divided by 17?
4
What is the remainder when 200917 is divided by 96?
85
What is the remainder when 494247 is divided by 842?
835
Calculate the remainder when 10142564 is divided by 6452.
20
What is the remainder when 12101802 is divided by 404?
386
Calculate the remainder when 5651072 is divided by 2263.
361
Calculate the remainder when 48904 is divided by 425.
29
What is the remainder when 1036822 is divided by 19562?
36
What is the remainder when 36889990 is divided by 1899?
16
What is the remainder when 273712 is divided by 136856?
0
What is the remainder when 55727 is divided by 27511?
705
Calculate the remainder when 2796571 is divided by 3097.
3077
What is the remainder when 907294 is divided by 129612?
10
Calculate the remainder when 811930499 is divided by 3142.
3137
What is the remainder when 490572 is divided by 2605?
832
What is the remainder when 27566 is divided by 138?
104
What is the remainder when 53794 is divided by 5888?
802
Calculate the remainder when 13037646 is divided by 724313.
12
What is the remainder when 20033867 is divided by 8?
3
What is the remainder when 32792747 is divided by 22?
9
What is the remainder when 605718 is divided by 224?
22
What is the remainder when 1811505 is divided by 43131?
3
What is the remainder when 8819744 is divided by 801792?
32
Calculate the remainder when 37769 is divided by 18651.
467
Calculate the remainder when 1347678 is divided by 2892.
6
What is the remainder when 175757 is divided by 1169?
407
What is the remainder when 195234611 is divided by 2557?
2547
What is the remainder when 97229674 is divided by 254?
252
Calculate the remainder when 1965280 is divided by 5146.
4654
Calculate the remainder when 346696 is divided by 27.
16
What is the remainder when 191629183 is divided by 55?
53
What is the remainder when 59615299 is divided by 61?
60
Calculate the remainder when 441439 is divided by 578.
425
Calculate the remainder when 219749269 is divided by 486.
481
Calculate the remainder when 457178 is divided by 25398.
14
Calculate the remainder when 62994 is divided by 113.
53
Calculate the remainder when 1388581365 is divided by 190.
185
What is the remainder when 430953 is divided by 441?
96
What is the remainder when 770529 is divided by 109662?
2895
What is the remainder when 1046195 is divided by 149380?
535
What is the remainder when 13690138 is divided by 2898?
2884
Calculate the remainder when 33066 is divided by 601.
11
Calculate the remainder when 120628 is divided by 120058.
570
What is the remainder when 17614759 is divided by 39?
19
Calculate the remainder when 18121 is divided by 7622.
2877
What is the remainder when 19108 is divided by 970?
678
What is the remainder when 3206247 is divided by 328?
47
What is the remainder when 58768 is divided by 7328?
144
Calculate the remainder when 1418453 is divided by 201.
197
Calculate the remainder when 5169822 is divided by 1723270.
12
What is the remainder when 31825 is divided by 26930?
4895
Calculate the remainder when 733228633 is divided by 1328.
1321
Calculate the remainder when 3948360 is divided by 13568.
72
What is the remainder when 755077 is divided by 237?
232
Calculate the remainder when 84792 is divided by 1113.
204
What is the remainder when 211682261 is divided by 822?
821
Calculate the remainder when 1741065 is divided by 2961.
2958
What is the remainder when 406385 is divided by 12?
5
Calculate the remainder when 241065 is divided by 48171.
210
What is the remainder when 26125 is divided by 1900?
1425
Calculate the remainder when 17915 is divided by 4445.
135
What is the remainder when 63134 is divided by 1368?
206
What is the remainder when 894436 is divided by 55893?
148
Calculate the remainder when 883090 is divided by 21.
19
Calculate the remainder when 2582304 is divided by 14756.
4
What is the remainder when 1035669 is divided by 34?
29
Calculate the remainder when 15158585 is divided by 1515858.
5
What is the remainder when 14957 is divided by 3014?
2901
Calculate the remainder when 7629 is divided by 7349.
280
Calculate the remainder when 400660 is divided by 6165.
6100
What is the remainder when 411527 is divided by 6858?
47
What is the remainder when 256132 is divided by 127867?
398
What is the remainder when 29697076 is divided by 7424266?
12
What is the remainder when 279494 is divided by 135290?
8914
Calculate the remainder when 2005575 is divided by 1002764.
47
What is the remainder when 118570 is divided by 29642?
2
Calculate the remainder when 6637541 is divided by 20.
1
What is the remainder when 144733 is divided by 10310?
393
What is the remainder when 15943318 is divided by 18?
16
What is the remainder when 5731906 is divided by 373?
15
What is the remainder when 1524374 is divided by 5?
4
What is the remainder when 43318227 is divided by 12192?
51
What is the remainder when 36778387 is divided by 2480?
2467
Calculate the remainder when 7302418 is divided by 443.
6
What is the remainder when 4255086 is divided by 265889?
862
Calculate the remainder when 14378085 is divided by 449315.
5
Calculate the remainder when 17662083 is divided by 339653.
127
Calculate the remainder when 523060 is divided by 87103.
442
Calculate the remainder when 286767 is divided by 2397.
1524
What is the remainder when 1391124 is divided by 198699?
231
Calculate the remainder when 154712744 is divided by 5015.
5009
What is the remainder when 40094 is divided by 9788?
942
Calculate the remainder when 39203362 is divided by 72065.
2
Calculate the remainder when 444688 is divided by 602.
412
Calculate the remainder when 7113832 is divided by 1629.
1618
Calculate the remainder when 56033 is divided by 32.
1
Calculate the remainder when 312159 is divided by 7430.
99
What is the remainder when 100077 is divided by 226?
185
What is the remainder when 439340 is divided by 21?
20
Calculate the remainder when 5628 is divided by 337.
236
Calculate the remainder when 110678 is divided by 6510.
8
What is the remainder when 154769 is divided by 320?
209
Calculate the remainder when 1